= h + 388. Suppose 0 = 3*r + r - c. Is r prime?
False
Let i(v) = 2*v**2 + 5*v + 17 + v**2 - 16. Let f be i(-2). Suppose -f*o + 0*t - t = -1341, 5*o = -3*t + 2239. Is o a prime number?
False
Suppose 13*v = 9*v. Suppose -15 = -3*y - v. Suppose -4*s - 4*l + 822 = -2*s, 0 = -5*s + y*l + 2070. Is s composite?
True
Suppose -2*p = p - 5*b - 20, -4*b = -3*p + 19. Suppose 2*a + 17676 = 4*v, -2*a + 8787 = p*v - 13326. Is v a composite number?
False
Let z(f) = 71*f**2 - f. Let y be z(2). Let h = 457 - -344. Let b = h - y. Is b a prime number?
False
Suppose 22*j - 2940 = 16*j. Let a be j*(26/10 - 1). Suppose -g - 5*h = g - a, -h + 768 = 2*g. Is g a composite number?
True
Is (0 - (7 + (-27)/18))*(-60 + 2) a prime number?
False
Let k be (-25)/((-21)/18*(-2)/1582). Let f = 6143 - k. Is f composite?
True
Suppose -4*w + k = w - 10787, -3*k + 9 = 0. Suppose 7123 = 5*n + w. Is n prime?
False
Let z = 113173 - 48392. Is z composite?
False
Suppose -i - 4*y - 18 = 0, 4*y + 14 = -3*i - 0*y. Suppose 0 = 4*o + j - 432 + 5177, -i*o - 2365 = -j. Let x = -346 - o. Is x a prime number?
True
Suppose 0 = 4*r - 3*p - 4569, 5*r + 3*p - 3527 = 2191. Suppose -3*a + 9*g + r = 10*g, -5*a + 1904 = 2*g. Is a prime?
False
Suppose 4*c = 5*c - 1218. Suppose 7*g = 2628 + 704. Suppose 2*t + g = c. Is t a prime number?
False
Suppose 57 = -20*v - 43. Is (v - -2)/(((-25)/(-415))/(-5)) a composite number?
True
Suppose 0 = 3*x - n - 4, 3*x + 3*n = -x - 12. Suppose -2641 = -4*w - 3*t, 4*t + 1962 = 6*w - 3*w. Suppose -f - f + w = x. Is f prime?
False
Suppose c - 87 = -k, 4*c - 58 = 4*k - 430. Let n = -231 + k. Let r = -58 - n. Is r a prime number?
True
Let o(z) = -664*z**3 - 5*z**2 + 3*z + 4. Let x be o(2). Is (1 + 5)*x/(-12) prime?
False
Suppose -2471349 + 679045 = -11*o - 3*u, -2*u = -4*o + 651750. Is o composite?
False
Suppose 3*k - 21 = -3*g, 4*g + 15*k - 19*k = 4. Suppose g*j = -3*n + 13541, 5*j - 5*n = -7*n + 16935. Is j a composite number?
False
Suppose -t + 78844 = -3*x, -114458 - 43203 = -2*t - 3*x. Is t a prime number?
False
Let w(s) = -26*s**3 + 3*s**2 - 15*s - 63. Is w(-8) a composite number?
True
Let j(a) = -9*a - 25. Let q be j(-3). Suppose q*k + 0*k - 8 = -3*h, -2*h = k - 4. Suppose -k*r + 12*r - 1784 = 0. Is r a prime number?
True
Suppose -w = 3 - 6. Let v(j) = -14*j**2 - 4*j**2 - j**3 - 19*j + 20 - w*j**2 + 10*j. Is v(-21) composite?
True
Let s = -100316 - -177511. Is s composite?
True
Is -4 + (-4885431)/(-9) - 3*(-4)/(-18) a prime number?
True
Let m = -23376 + 45153. Suppose 8*a = m - 4929. Suppose 0 = 4*l - 5*q - 2819, 4*l - l - q = a. Is l a composite number?
False
Suppose 40019 = -13*t - 20262. Let q = -3238 - t. Is q prime?
True
Let k(y) be the first derivative of 307*y**3/3 + 5*y**2 - 10*y + 3. Is k(1) composite?
False
Let k = -10895 + 5995. Let o = k + 9101. Is o prime?
True
Is ((-80)/(-12) - 6)/(24/528084) composite?
False
Let r(x) = 12*x**3 + 3*x**2 - 17*x. Let y be r(4). Let b = y - 162. Is b a composite number?
True
Let f(w) = 1347*w**2 - 18*w - 80. Is f(-3) a prime number?
True
Let x = -155490 - -221729. Is x prime?
True
Let w(z) = 19113*z**2 + z + 3. Is w(5) composite?
True
Let g(k) = -2*k**2 + 12*k + 3. Let n be g(6). Suppose -n*s = c - 98804, -2*s - c = 2*c - 65881. Is s a composite number?
False
Let s = -63 - -23. Let u = 30 + s. Is (-6)/u + (-18408)/(-20) a prime number?
False
Suppose -5*m + 228 = -4*s, 2*s + 67 = 5*m - 167. Let j = m - 48. Suppose 8*f - 10*f + 1906 = j. Is f composite?
False
Suppose j + 5*f = 23, 2*j - f = 4*f - 14. Suppose 7*i + 7792 = 5*m + 5*i, -5*m + 7796 = -i. Suppose 2*l - 2*z - m = 0, -j*l - z = -2*l - 782. Is l composite?
True
Let i be 30/20 + (-3233)/(-2). Suppose -2*w - 4*o = -5*w + 2225, -2*o - 1482 = -2*w. Let p = i - w. Is p a prime number?
False
Let q(m) = 7*m**3 + 12*m**2 - 45*m + 5. Let d(g) = -g**3 + 6*g**2 - 2*g - 4. Let r be d(5). Is q(r) composite?
True
Suppose k - 2*f = 123236, -2*f + 127614 = k + 4390. Suppose -13*z + 3*z + k = 0. Is z a composite number?
False
Suppose -3*z = -3*y + 4*y - 22, 0 = -z + 5*y - 14. Let f = -5 + z. Is (-310)/(f + 0 - 3) a composite number?
True
Let b be (-38)/(-10) - 12/(-60). Let l be (549/(-6))/((-6)/b). Suppose -l = -3*i + 521. Is i prime?
False
Suppose 5*w = -r - 378, r = -3*r - w - 1531. Let g = 2132 - r. Is g a composite number?
True
Suppose -3*z + 18460 = 3466. Suppose 183 = -9*p + z. Is p a prime number?
False
Suppose 9*k - 2420 = 5*k + 5*y, 4*k + 4*y = 2384. Suppose -963 = -3*s + k. Is s a composite number?
False
Let f be (1/3)/(3 - 46/15). Let q be (-216)/(-15) - f*8/(-100). Suppose -q*l + 9*l + 1055 = 0. Is l prime?
True
Suppose 286*s - 296*s = -1216050. Is (-8 - -10)*s/6 - -2 a composite number?
True
Let i(a) = a**3 + 19 + 117*a - 42*a - 38*a - 35*a + 13*a**2. Is i(13) prime?
False
Let p(t) = -10*t**3 + 64*t**2 - 66*t + 67. Let j(l) = 7*l**3 - 43*l**2 + 44*l - 45. Let b(n) = -7*j(n) - 5*p(n). Let z be b(16). Let c = z + 915. Is c prime?
True
Let j be (((-99)/(-2))/(-11) + 5)*6. Let r(c) = 1754*c**2 - 17*c + 52. Is r(j) prime?
True
Is 10*6/60*74794 composite?
True
Suppose -3*u = 0, -n - 4*u + 20 = -2. Let r(i) = 10*i**2 + 31*i + 11. Is r(n) prime?
False
Is 16/(-4) + 107272 - 99/(-9) composite?
False
Let n(z) = -27*z**2 + 9*z + 26. Let o be n(8). Let r = -95 - o. Is r a composite number?
True
Let q(w) = -w**3 - 23*w**2 - 129*w - 32. Let t be q(-14). Let c(k) = 15*k**2 + 4*k - k**3 - 5*k - 4*k - 4. Is c(t) a composite number?
True
Let u(m) = -2*m**3 - 31*m + 48 + 0*m**3 - 91 - 13*m**2 + 34. Is u(-14) prime?
False
Let a(t) = 240551*t**2 + 863*t - 863. Is a(1) a composite number?
False
Let n = -1790 + 1792. Let k(x) = -2*x - 6. Let t be k(-4). Suppose t*c = -4*r + 43204, -5*c = -n*c. Is r prime?
False
Let i be (-776)/(-26) + 50/325. Let y = i - 37. Let b(f) = -2*f**3 + 4*f + 4. Is b(y) a prime number?
False
Let h be ((-2680)/(-15) + -4)/((-2)/6). Let a = 2126 + h. Suppose -5*r - 5*d + 1333 + a = 0, 5*r - 4*d - 2935 = 0. Is r a prime number?
True
Let d(o) be the first derivative of -36*o - 5 + 253/2*o**2. Is d(5) composite?
False
Is 28/(-84)*(-1 + -365528) a composite number?
False
Suppose -4*y - 1 = n - 11, 0 = -y - n + 4. Suppose 2845 = i + h, -y*i + h + 2*h + 5690 = 0. Is i prime?
False
Suppose 0 = -5*f - 19 + 54. Suppose 0*p = 7*p + f. Is (957 - 2) + (p - 0 - 1) a prime number?
True
Suppose 1561733 = 38*z - 249309. Is z prime?
True
Is -6 + (((-10168)/6)/4)/(6/(-9378)) composite?
True
Let f(u) = 1561*u**2 + 128*u - 93. Is f(38) composite?
True
Let q(b) = 4*b**2 - 26*b - 19. Let h be q(-9). Is -2 + 2 + h + 2 composite?
False
Let z(p) = -2765*p**2 + 2. Let x be z(-1). Let n = x + 4942. Is n a composite number?
False
Suppose -u + 803 = 4*d + 2*u, -773 = -4*d + 3*u. Let v be (-330)/8*312/(-117). Let f = d + v. Is f composite?
False
Let g = 188 + -186. Suppose -4427 = -g*t - 5*y, 5*t = -y + 7119 + 3983. Is t prime?
True
Let d(q) = -807*q + 43. Let l be -3 + (-1 - -7)/(-2). Is d(l) a prime number?
False
Is (-10 - -11)*(-24)/3*63962/(-16) composite?
False
Suppose -i + 5*r + 32252 = 0, 3*i - 63742 - 33050 = 3*r. Is i a composite number?
True
Let m = -170 - -175. Suppose -m*g + 4*f + 11013 = 0, -2*g - 8794 = -6*g - 5*f. Is g composite?
True
Suppose 0 = 11*k + 5766 + 5465. Suppose 2*v - 3268 - 60 = 4*y, -3322 = -2*v - 2*y. Let g = v + k. Is g a composite number?
False
Is (-6432 - (30 - 13))/(-1) composite?
False
Suppose -420*c + 82344 = -414*c. Suppose c + 5661 = 5*z. Is z a prime number?
True
Suppose 35*r = 25*r. Suppose -4*m - 3*l + 25668 + 22471 = 0, 2*m + 5*l - 24087 = r. Is m a composite number?
True
Let f = -3457 - -11396. Is f a prime number?
False
Let a(g) = -2*g**3 + 15*g**2 + 5*g + 24. Let c be a(8). Suppose 5*o - 256 = -2*n + 152, 4*n - 5*o - 846 = c. Is n a composite number?
True
Let n = -2470 + 2593. Is n a composite number?
True
Let l = 975 - 356. Let j = l + -300. Is j a prime number?
False
Let l = 6484 + -1799. Suppose -2*m = 2*o - 6860, -9038 = -4*o - 3*m + l. Is o composite?
False
Suppose -455*y + 391*y + 3558592 = 0. Is y a prime number?
True
Suppose -33*p = 345086 + 43720. Let z = p - -19751. Is z a prime number?
False
Suppose 4*n = 22*n - 94572. Let b = -291 + n. Is b a composite number?
True
Suppose 0 = -11*d + 7584 + 2096. Let b = d - 239. Is b prime?
True
Suppose 5*